 288?
32
Suppose 0*a = -5*x - a + 7877, 0 = -x + 5*a + 1591. Suppose -4*r + x = -476. Calculate the highest common divisor of 27 and r.
27
Let i(y) = 29*y**3 - y**2 + 2*y - 1. Let g be i(1). Let j = g - 67. Let s be (-4 + 0)*(j - -2). What is the greatest common factor of 96 and s?
48
Let y = -674 + 684. Suppose 236 = 47*g - 986. What is the highest common divisor of g and y?
2
Suppose 4*o - x - 103 = 2*x, -3*o = 2*x - 56. Suppose 0 = 2*n - o - 92. What is the highest common divisor of 3 and n?
3
Suppose -6*y = 6*y - 4176. Suppose 1374 = 6*r - y. Calculate the highest common factor of r and 41.
41
Let w = 7 - -11. Let i = 83 + -8. Let f = -63 + i. What is the highest common divisor of w and f?
6
Let x be ((-21)/(0 + 1))/(-5*(-27)/(-4770)). What is the highest common divisor of x and 318?
106
Let o be -13 + 18 - (-6)/3. Let f be (5 - 6)*(-70 - o). Calculate the highest common divisor of f and 121.
11
Let p(t) = t**3 + 45*t**2 + 66*t - 28. Let j be p(-43). What is the highest common factor of 195 and j?
13
Let m be ((-2 + 2)/2)/(-1). Suppose 5*k + 25 = m, 26 = 3*t - 2*t - k. Let w = -519 + 522. Calculate the highest common factor of t and w.
3
Let d be (4 + -492*2)*-6. Suppose 27*j = -15*j + d. What is the greatest common divisor of j and 2?
2
Suppose 0 = -4*z + 105 + 11. Suppose 0 = x - z + 12. Calculate the greatest common factor of 187 and x.
17
Suppose 3*y + 2085 = 735. Suppose 47*i - 132 = 25*i. Let s be y/(-70) - i/14. What is the greatest common factor of s and 4?
2
Let k(x) = -x**3 + 2*x**2 + 19*x - 24. Let z be k(-7). Let h = 301 - z. What is the highest common divisor of 51 and h?
17
Let q be (-44)/330 - (5210/(-825) - 8/(-44)). What is the highest common divisor of q and 9708?
6
Let h be ((-138)/24)/((-3)/24). Let k(g) be the first derivative of 2*g**3/3 + g**2/2 + 10*g - 36. Let w be k(7). What is the highest common divisor of h and w?
23
Suppose -67*s + 41780 = -56*s + 2719. Calculate the highest common divisor of s and 67.
67
Let u(w) = -5*w + 10. Suppose -r + 4*m - 1 = -21, -3*r = 2*m - 88. Suppose 0*j + r = -2*j. Let o be u(j). What is the greatest common divisor of o and 10?
10
Suppose -5*s = -3*v + 4815, -2*s = 32*v - 26*v - 9630. Calculate the greatest common factor of v and 30.
15
Suppose -2*a = -c + 7 + 6, -3*c - 4*a - 11 = 0. Suppose 3*r - 7*h + 2*h = 255, c*h + 249 = 3*r. What is the greatest common divisor of 20 and r?
20
Let q(p) = -150*p + 9836. Let v be q(64). Calculate the greatest common divisor of v and 56168.
236
Let o(g) = -10*g + 17*g - 8*g + 1. Let v(p) = -15. Let t(u) = 3*o(u) + v(u). Let z be t(-13). What is the greatest common factor of 9 and z?
9
Suppose 2*r - 12*m + 9*m - 15 = 0, 3*m - 27 = -5*r. Let z(x) = 20*x - 4. Let u be z(-4). Let b be u*8/r*-1. Calculate the greatest common divisor of 14 and b.
14
Let y = -52 - -880. Let r be 1/11 + 505/11. Calculate the highest common divisor of r and y.
46
Suppose 12*v - 504 = 6*v. Suppose 3*q + 5*w = 6*q + 56, 5*q + v = -w. Let h = q + 35. What is the highest common factor of h and 45?
9
Let s = 606 + -622. Let u be s*2/2*(-30)/12. Calculate the highest common divisor of 110 and u.
10
Suppose 15*v - 15459 - 10686 = 0. Suppose v = 17*q - 1861. Calculate the greatest common factor of q and 4.
4
Suppose 7528 + 17993 = 141*u. Calculate the greatest common factor of u and 4887.
181
Let k = -1631 - -1676. Calculate the greatest common factor of k and 9225.
45
Let t be (-110)/(-2)*(-3)/(-6)*4. Let m(k) = -2*k**3 - 7*k**2 - 13*k + 6. Let v be m(-6). Suppose 0*d - 6*d = -v. What is the highest common divisor of d and t?
22
Suppose 5*c = 4*v + 2563, -5*c - 4*v + 3454 - 907 = 0. What is the highest common divisor of c and 161?
7
Let y = 263 - 491. Let x = 334 + y. Let p = -66 + x. Calculate the highest common factor of p and 16.
8
Suppose -195*l + 206*l = 682. Let w = l + 55. What is the highest common divisor of w and 13?
13
Suppose s = 4*s - 27. Let o(f) = -19*f - 456. Let q be o(-24). Suppose -s*h + 79 + 20 = q. What is the highest common divisor of 88 and h?
11
Let q(p) = p**2 - 15*p + 8. Let s be q(16). Let u be s/24*52/(-2)*-1. What is the highest common divisor of u and 78?
26
Suppose 4*o = 2*z + z - 854, 1180 = 4*z + 5*o. Calculate the greatest common divisor of z and 80.
10
Let p(d) = 19*d - 355. Let j be p(19). Calculate the greatest common factor of j and 309.
3
Let d(p) = 3724*p**2 + 12*p - 3713*p**2 + p + p**3 + 32. Let b be d(-10). Calculate the greatest common factor of b and 2.
2
Let s = -235 - -230. Let y be -2496*s/(-5 - -15). Calculate the highest common factor of y and 78.
78
Let u be ((-688)/3)/(146/(-1533)). Calculate the highest common divisor of u and 728.
56
Suppose 0 = 5*j + 8624 + 4836. Let f = -1900 - j. What is the greatest common divisor of f and 9?
9
Let u = 10 + 1. Suppose -u = 5*w - 1, -308 = -3*r + w. Let o = -14702 + 14770. What is the greatest common divisor of r and o?
34
Let a(q) = q**3 - 49*q**2 - 11*q + 103. Let k be a(49). Let t = -29 - k. Calculate the highest common divisor of t and 74.
37
Let k be (-11)/(110/(-40)) - (-2 + 7). Let x = k + 23. What is the highest common divisor of x and 55?
11
Let f be -151*(4 + (-15)/3). Suppose 8*z - 169 = f. What is the greatest common divisor of 100 and z?
20
Suppose -5*p + 160 = -21*p. Let x be ((-9)/(-6) - 3)/(3/p). Calculate the highest common factor of x and 10.
5
Let j(i) = -11*i - 7*i - 12*i - 10 + 1 + i. Let o be j(-6). What is the greatest common factor of 99 and o?
33
Suppose -5*j + 312 + 116 = 4*z, 0 = -5*j + 4*z + 452. Suppose 7*l - 77 = -0*l. Calculate the highest common divisor of l and j.
11
Let t(i) = i**3 - 5*i**2 + 23*i - 46. Let q be (4/(-24)*-9)/((-30)/(-80)). Let h be t(q). Calculate the highest common divisor of h and 250.
10
Suppose -87*o + o = 793 - 3287. What is the greatest common divisor of o and 9773?
29
Suppose 64 - 280 = 36*q. Let h = -8 + 11. Let c be (6 - h) + q + 4. What is the greatest common divisor of c and 8?
1
Suppose 5*g - 318 = -4*n, 111*n - 56 = -g + 114*n. What is the highest common factor of 6262 and g?
62
Let z be (-1758 - (-1 - 2))*(-42)/126. Calculate the highest common factor of z and 468.
117
Let c be (-1 - -2992)*(-121)/(-363) - 9. Calculate the greatest common factor of c and 1794.
26
Suppose 58*a = 49*a + 449 + 64. What is the greatest common divisor of 5757 and a?
57
Suppose -4*g + 50 = 2*q, 2*q - 63 + 23 = -3*g. Suppose 0 = -3*a - 3*n + 96, 9*a + 38 = g*a - n. What is the highest common divisor of 25 and a?
5
Suppose 0 = -5*r - 5, 13374 + 13117 = 4*w + 5*r. What is the highest common divisor of w and 192?
96
Let u be (-2)/9*6*3. Let m be 2/(2/(-144)*u). What is the greatest common divisor of 9 and m?
9
Let j be (-1)/(3 - 2) - -2. Suppose 0 = 2*a - j - 7. Suppose 0 = 5*f - 276 - a. Calculate the greatest common factor of 8 and f.
8
Let u be 12/(-15)*(3 + 55/(-10)). Let w be (5/8)/(16/128). What is the highest common factor of w and u?
1
Let f be ((416/6)/(-26))/(2/(-69)). What is the greatest common divisor of f and 713?
23
Let q be 1 - -1 - 17/(102/(-108)). What is the greatest common factor of q and 195?
5
Let x(l) = -228*l + 12340. Let i be x(-11). Calculate the highest common factor of i and 232.
232
Suppose -16*a = -13*a - 12. Suppose -5*g + 998 = a*s, 0 = s - 2 - 0. Let n = 338 - g. What is the greatest common divisor of n and 14?
14
Let h = -355 - -296. Let k = h - -103. Calculate the greatest common divisor of 11 and k.
11
Suppose -10*b - 16845 = -14*b + 5*x, 9*x = 27. What is the highest common factor of b and 165?
15
Let y(s) = 3*s**3 + 53*s**2 + 20*s - 34. Let h be y(-17). What is the highest common divisor of 2516 and h?
68
Let k(c) = c**2 - c + 30. Let t be k(0). Let g(h) = -1974*h + 2589. Let n be g(1). What is the highest common factor of n and t?
15
Suppose -6*r + 34 = 34. Suppose r = 4*g - 10*g + 5994. Calculate the highest common factor of g and 27.
27
Suppose 89 = 32*f - 33*f. Let o = f - -141. Let q = o + 25. What is the greatest common factor of 7 and q?
7
Let u(p) = 2*p**3 - 157*p**2 + 237*p - 134. Let m be u(77). Calculate the highest common divisor of m and 40.
8
Let t = -10692 + 12054. What is the greatest common factor of 36 and t?
6
Suppose -6*r - 1 = 11. Let v be (-4)/(-30) - (r + 11508/(-90)). Let h be 0 + 6 - 4